u*y + 243 - 48 = 0. Calculate the remainder when 121 is divided by y.
56
Suppose -161*q - 5 = -156*q. Calculate the remainder when -202*q*(-5)/(-10) is divided by (-457)/(-9) - 4/(-18).
50
Suppose 33 = -4*u + 53. Suppose u*f - 110 = 5*k, f - k - 3*k = 10. Let b(y) = y**3 - y**2 - 3*y - 2. What is the remainder when f is divided by b(3)?
5
Suppose -4*a = 4*s - 0*s - 232, 2*a - 104 = s. Let u = -12207 + 12236. Calculate the remainder when a is divided by u.
25
Suppose -2*q = -2*z, 3*z + 4 = 6*q - 2*q. Let r(m) = -12*m**2 + 2*m + 6. Let p be r(3). What is the remainder when 31 is divided by (q - 1)*p/(-36)?
7
Let o(t) = t**2 + 15*t - 5. Let s = -1918 - -1966. What is the remainder when o(11) is divided by s?
41
Let z be 4 - 124/12*-3. Let l be (-4)/14 + (-305)/z. What is the remainder when ((-99)/4)/l*4 is divided by 6?
5
Suppose -8*q = -12*q - 5*s + 6153, 0 = 2*q - 4*s - 3122. What is the remainder when q is divided by 22?
7
Let v(s) = 7*s - 51. Let o be v(-9). Suppose -5*d + 3*p - 322 = -0*d, 263 = -4*d - 3*p. Let l = d - o. What is the remainder when l is divided by 17?
15
What is the remainder when ((-9552)/(-264))/(6/33) is divided by 79?
41
Let n(v) = -123*v + 27. Let c = -1 + 5. Suppose h - c*x - 2 - 13 = 0, -4*h - x = -60. What is the remainder when n(0) is divided by h?
12
Suppose -15*i = -11*i - 36. Let p(r) = 5*r - 1. Let f be p(5). Let c = -9 + f. What is the remainder when c is divided by i?
6
Let t(w) = 11*w - 168. Let q be t(15). Calculate the remainder when 6 + (2/q)/(30/(-2025)) is divided by 11.
7
Suppose -40 - 76 = 3*t - 5*q, -409 = 11*t - 2*q. Suppose -25 - 59 = 3*c. Let h = c - t. Calculate the remainder when 41 is divided by h.
5
Let c = 53 + -59. Let w be (-2872)/(-28) + c/(-14). Suppose -2*j - j = -4*o + w, 0 = 3*o - 4*j - 72. Calculate the remainder when o is divided by 11.
6
Suppose -q = k - 61, -38*q + 40*q + 280 = 4*k. What is the remainder when k is divided by 57?
10
Suppose -120*n + 134*n = 21196. What is the remainder when n is divided by 37?
34
Suppose 11 - 747 = -92*z. Let p(c) = -112*c - 8. Let v be p(-7). Suppose 5*x - v = -106. Calculate the remainder when x is divided by z.
6
Let v be (-134)/(-6) - (-20)/12. Calculate the remainder when 17/((30/v)/5) is divided by 37.
31
Let v(k) = 2*k**3 + 38*k**2 - 185*k + 210. Calculate the remainder when v(-23) is divided by 46.
3
Let i(s) = 107*s**2 + 143*s + 143. Calculate the remainder when 2775 is divided by i(-1).
100
Suppose j + 5*u = -25, -4*j + u + 2 = -3. Suppose 4*w - 9*w + 130 = j. Suppose -2*q - q = -s - w, -5*s = 3*q - 50. What is the remainder when q is divided by 7?
3
Let o(x) = 2*x**2 - 2*x + 4. Let g be o(2). Let v = -6 - g. Let h = v - -15. What is the remainder when 1 is divided by h?
0
Let t(l) = 9*l**2 + 92*l + 289. Calculate the remainder when 3264 is divided by t(-7).
82
Calculate the remainder when 129 is divided by (1703/(-52) + 11)/((-6)/8).
13
Suppose -31*y = -37*y + 432. Let h = -20 - -142. Let w = h - y. What is the remainder when w is divided by 26?
24
Let q = 602 - 608. What is the remainder when 2/(12084/(-10095) + q/(-5)) is divided by 45?
43
What is the remainder when -77*((-72)/63 + (-6)/(-42)) is divided by 4/(-18) - (-146)/9?
13
Suppose 4*u - 928 = -4264. Let j be ((-4)/3)/4*u. Suppose -j = -6*y + 82. What is the remainder when y is divided by 33?
27
Let y = 8377 - 8150. Calculate the remainder when y is divided by 3.
2
Let v(m) = -2 + 17*m - 3 - 9. Let l(c) = c**2 + 115*c + 11. Let g be l(0). What is the remainder when v(g) is divided by 35?
33
Suppose -44 = -2*d - 2*d. Let w(x) = -3*x**3 + 2*x**2 + 118*x + 52. Calculate the remainder when w(0) is divided by d.
8
What is the remainder when 15 - 21 - ((-24)/156 - 6641/13) is divided by 30?
25
Suppose 8*k - 8*k - 1020 = -5*k. What is the remainder when k is divided by 19?
14
Let b(y) = 14*y + 1081. What is the remainder when 2655 is divided by b(-77)?
0
Let l(t) = -t**2 + 3*t + 7. Let o be l(4). Suppose o*p - 2*k = 292, p - 4*p + k + 293 = 0. Calculate the remainder when p is divided by (33/1)/(6 + -5).
32
Let l = 344 + -351. Calculate the remainder when 562 is divided by 6 + (l - -5) + 8.
10
Let w = -235 + 682. Let v = 489 - w. What is the remainder when v is divided by 13?
3
Suppose 4*r - 462 = -18. Suppose -6*d = -2*p - 3*d + 119, -r = -2*p - 5*d. What is the remainder when 224 is divided by p?
50
Suppose 165 = 5*n + f + 22, 4*n + 5*f = 148. Suppose -m - 2*d + 38 = 0, 4*m + 4*d + 0*d - 172 = 0. What is the remainder when m is divided by n?
21
Let v(h) = h**3 + 4*h**2 - 5*h - 7. Let i(q) = -11*q + 20. Let m be i(2). What is the remainder when v(m) is divided by 8?
3
Suppose g = -g + 50. Calculate the remainder when (1 + 4674/(-30))/((-205)/(-225) + 70/(-63)) is divided by g.
24
Suppose -5*f = 2*d - 166 - 231, -f + 4*d + 75 = 0. Let t = 212 - f. Calculate the remainder when t is divided by 34.
31
Let c = 457 + -187. Suppose -4*g = 5*j - c, -j = j - 3*g - 131. Let n(f) = f**3 + 6*f**2 - 5. What is the remainder when j is divided by n(-5)?
18
Let b = -9913 + 10048. What is the remainder when 299 is divided by b?
29
Let z(j) = 188*j**2 + 58*j - 28. What is the remainder when z(4) is divided by 48?
44
Suppose 552 = -11*c - 185. Suppose -5*f = -8*f - 336. Let q = c - f. Calculate the remainder when 131 is divided by q.
41
Let y be 0 - -2 - (1 + -3). Let o be (-102)/(-18) + (0 + -1)/(-3). Calculate the remainder when 14 is divided by (6 - y)*(-2 + o).
6
Let a(r) = -r**3 - 11*r**2 + 9*r + 15. Let i be a(-12). Suppose 5*x + 1 = v + 18, 3*x + i = -3*v. Let h = 29 + v. What is the remainder when 93 is divided by h?
9
Let z(t) = t**2 + 119*t - 2381. What is the remainder when 272 is divided by z(18)?
17
Let y = 3863 - 3745. Calculate the remainder when 575 is divided by y.
103
Suppose 5*x + 17*x = -25*x + 940. What is the remainder when 117 is divided by x?
17
What is the remainder when ((-620)/30)/31*-7908 is divided by 26?
20
Let y(n) = n**3 + 10*n**2 - n - 91. Let a be y(-9). What is the remainder when 177 is divided by ((-9)/((-63)/(-70)))/(a/2)?
17
Let t(o) = 4*o**2 + 32*o - 167. Let b(x) = 8*x + 27. What is the remainder when t(5) is divided by b(0)?
12
What is the remainder when (10/(-8))/((-140)/13328) is divided by 23?
4
Suppose -3*h - 10*s + 12*s = -2829, 4*h + 5*s - 3749 = 0. Calculate the remainder when h is divided by 310.
11
Suppose -x + 131 = q, 0 = -5*q - 30*x + 34*x + 664. Suppose 4*m - q = 2*m. Calculate the remainder when m is divided by 12.
6
Let k(n) = -34*n + 301. Let q be k(-33). Let t = 1432 - q. Suppose 3*j + 9 = 60. Calculate the remainder when j is divided by t.
8
Suppose 34*a = 675 + 379. Let b(u) = 13*u + 2*u - 4 + 6*u. What is the remainder when b(3) is divided by a?
28
Suppose 99 = 3*l - 4*r + 22, -l - 3*r + 43 = 0. Let a(n) = -n. Let u be a(0). Suppose u*s = -s + 90. What is the remainder when s is divided by l?
28
Let t(s) = s**2 + 114*s - 591. Calculate the remainder when 2631 is divided by t(5).
3
Let x(h) = 200*h**2 + 3370*h + 25. What is the remainder when x(-17) is divided by 94?
65
Calculate the remainder when 146 is divided by (-1239)/(-27) + 410/369.
5
Suppose f + 6*a - 162 = 10*a, -3*f + 465 = -5*a. Let g = f + -129. What is the remainder when 103 is divided by g?
19
Suppose -5710 = 14*x - 2000. Let g = x - -684. What is the remainder when g is divided by 42?
41
Suppose 0 = -5*c + 4*n + 5065, 619 = 4*c + 3*n - 3433. Calculate the remainder when c is divided by 255.
248
Let g(d) = -126 + 41 + 47 - 3*d + 42. What is the remainder when 34 is divided by g(-1)?
6
Let u be 23 - 0/(2 + 0). Suppose -u = -n + 7. Let j = 46 + n. What is the remainder when j is divided by 26?
24
Suppose -4*s + 5 = 2*u - 55, 3*s = 2*u - 67. Let q(h) = h**3 - 15*h**2 + 14*h + 9. Let v = 40 - 26. What is the remainder when u is divided by q(v)?
5
Suppose -21*g - 581 + 2156 = 0. Calculate the remainder when 224 is divided by g.
74
Let o = 4021 - 3040. Calculate the remainder when o is divided by 82.
79
Suppose 4*n + 3*i = 164, 0 = -n + 1461*i - 1463*i + 46. What is the remainder when 117 is divided by n?
3
Suppose s + 381 = 2*w, -1004*w + 204 = -1003*w + 4*s. Calculate the remainder when w is divided by 28.
24
Let a = 1128 - -3488. What is the remainder when a is divided by 220?
216